39751 a composite number?
True
Is 25452013 prime?
True
Is 12943369 prime?
True
Is 4968017 a prime number?
True
Is 23591549 a prime number?
True
Is 82939 composite?
False
Is 1144291 a composite number?
False
Is 1121551 composite?
True
Is 8343813 composite?
True
Is 1093591 a composite number?
False
Is 5627579 a prime number?
True
Is 34177171 a prime number?
False
Is 286973 a composite number?
False
Is 8738017 prime?
False
Is 57531607 prime?
False
Is 9352493 composite?
False
Is 12957109 prime?
False
Is 1785629 composite?
True
Is 295693 composite?
False
Is 30467941 a composite number?
True
Is 16459699 a prime number?
True
Is 8192599 a prime number?
True
Is 7439209 composite?
False
Is 388757 a prime number?
True
Is 431483 a prime number?
False
Is 4010343 composite?
True
Is 5784599 a composite number?
False
Is 6042173 prime?
True
Is 2328761 prime?
True
Is 447481 a composite number?
False
Is 80687591 a prime number?
True
Is 498270989 prime?
False
Is 9414601 a prime number?
False
Is 159402661 a composite number?
True
Is 20659033 a composite number?
True
Is 332611 a composite number?
False
Is 51166645 a composite number?
True
Is 567037 a prime number?
False
Is 945577 composite?
False
Is 14970041 a composite number?
False
Is 178355 a prime number?
False
Is 140780377 prime?
False
Is 7363001 composite?
True
Is 3187235 a prime number?
False
Is 29390819 a prime number?
True
Is 32971997 a composite number?
False
Is 1032167 prime?
False
Is 48454409 a prime number?
True
Is 89141527 prime?
True
Is 3521965 a prime number?
False
Is 1288733 a prime number?
True
Is 715349 a prime number?
False
Is 3522103 a prime number?
False
Is 1402701359 a composite number?
False
Is 4901361 prime?
False
Is 588711373 prime?
True
Is 20571841 a composite number?
True
Is 17899019 a composite number?
True
Is 9829319 a composite number?
False
Is 912381 composite?
True
Is 511961983 prime?
False
Is 23619691 prime?
False
Is 11815711 a prime number?
True
Is 1996829 prime?
True
Is 224954723 a prime number?
False
Is 823139 prime?
False
Is 2357683 a prime number?
True
Is 1084217 a composite number?
False
Is 16139089 prime?
True
Is 155132105 a composite number?
True
Is 124215257 prime?
False
Is 135715 composite?
True
Is 28492771 a composite number?
False
Is 131085551 prime?
False
Is 884571815 composite?
True
Is 66419 a prime number?
False
Is 16793 a composite number?
True
Is 46561777 composite?
False
Is 84065467 a prime number?
False
Is 33208167 composite?
True
Is 228037 a composite number?
True
Is 184184071 prime?
False
Is 67615781 composite?
True
Is 11809979 a prime number?
True
Is 2980121 composite?
False
Is 274521257 prime?
True
Is 189159037 composite?
True
Is 2802581 composite?
False
Is 134781181 composite?
False
Is 35672509 a composite number?
False
Is 17183903 a prime number?
False
Is 117228323 prime?
True
Is 4825217 a prime number?
True
Is 438509 a prime number?
False
Is 413336551 composite?
True
Is 42923629 a prime number?
False
Is 15451993 a prime number?
True
Is 784153 a composite number?
False
Is 858379 composite?
True
Is 5308609 a prime number?
True
Is 35580029 prime?
True
Is 21331942 a composite number?
True
Is 25674461 a prime number?
True
Is 24970765 prime?
False
Is 257339 composite?
False
Is 86381 prime?
True
Is 12219231 a composite number?
True
Is 344002 prime?
False
Is 199555855 composite?
True
Is 943259029 composite?
False
Is 22733 a prime number?
False
Is 16511477 prime?
False
Is 22891381 prime?
True
Is 110880433 a prime number?
False
Is 375007 composite?
True
Is 2645597 a composite number?
False
Is 5210999 prime?
True
Is 23354699 composite?
True
Is 1443241 prime?
False
Is 1000417 a composite number?
True
Is 7074709 a prime number?
True
Is 504061 composite?
False
Is 1022011 a prime number?
True
Is 229186307 composite?
True
Is 229553303 composite?
True
Is 6450343 a prime number?
False
Is 125187427 prime?
True
Is 8549329 a prime number?
True
Is 40537711 a composite number?
False
Is 19760023 composite?
False
Is 2986273 composite?
True
Is 18581903 composite?
False
Is 172546909 composite?
True
Is 16958083 a prime number?
False
Is 3348263 composite?
False
Is 22107667 prime?
False
Is 6121771 composite?
False
Is 1734409 a composite number?
True
Is 14690231 prime?
True
Is 140789 composite?
True
Is 156182933 prime?
False
Is 16051727 a prime number?
True
Is 35114471 a composite number?
True
Is 27359879 a prime number?
True
Is 8102967 composite?
True
Is 141023 a composite number?
False
Is 668627881 composite?
False
Is 13770257 a prime number?
False
Is 4787881 a composite number?
True
Is 16806079 a prime number?
False
Is 126453017 prime?
True
Is 1526793 composite?
True
Is 5076941 composite?
False
Is 1143943 composite?
False
Is 22639657 a prime number?
False
Is 1789493 prime?
True
Is 448181 a prime number?
False
Is 16469779 prime?
True
Is 1067621 prime?
True
Is 57462287 a composite number?
False
Is 90893 a composite number?
True
Is 3534463 prime?
False
Is 65556861 composite?
True
Is 1455697 prime?
True
Is 53076001 composite?
True
Is 4470539 composite?
False
Is 2095273 composite?
True
Is 7402097 a composite number?
False
Is 7415147 composite?
False
Is 37136339 a composite number?
False
Is 92537741 prime?
True
Is 123402083 a composite number?
True
Is 19867091 composite?
True
Is 8896893 a composite number?
True
Is 2055467 a composite number?
False
Is 17768143 prime?
True
Is 104295353 a prime number?
True
Is 41423717 composite?
True
Is 19290683 a prime number?
False
Is 13410251 a prime number?
False
Is 10013029 a composite number?
True
Is 1949377 composite?
True
Is 61957993 composite?
True
Is 420435371 prime?
False
Is 6861797 prime?
False
Is 2396059 composite?
True
Is 217314509 composite?
False
Is 52417661 composite?
True
Is 4256639 prime?
True
Is 105306203 prime?
True
Is 7140733 prime?
True
Is 30314357 prime?
False
Is 462829319 prime?
True
Is 119268543 a prime number?
False
Is 41568473 prime?
True
Is 68306233 a prime number?
True
Is 2164781 prime?
False
Is 1220891 a composite number?
True
Is 1078067 prime?
False
Is 1903793 a composite number?
True
Is 49192763 composite?
False
Is 497308673 a composite number?
False
Is 701281 a composite number?
True
Is 3555935 a composite number?
True
Is 126307 a composite number?
False
Is 107629871 a prime number?
False
Is 3561927 a composite number?
True
Is 303899081 a composite number?
False
Is 281463859 a prime number?
True
Is 13557367 prime?
True
Is 7903801 prime?
True
Is 13971619 a composite number?
True
Is 2184419 composite?
True
Is 28860226 a prime number?
False
Is 314203103 composite?
False
Is 5668073 composite?
False
Is 144637 prime?
False
Is 724651423 a prime number?
True
Is 10880893 composite?
True
Is 2563711 a composite number?
False
Is 8581003 prime?
False
Is 92756903 composite?
True
Is 5094785 a prime number?
False
Is 5184697 composite?
True
Is 1322813 prime?
True
Is 48645631 a prime number?
True
Is 20695342 prime?
False
Is 2495723 prime?
True
Is 111341869 prime?
False
Is 54689599 composite?
False
Is 5213699 a prime number?
False
Is 40509331 a composite number?
True
Is 44976333 a prime number?
False
Is 569809 composite?
False
Is 29303987 composite?
False
Is 495587 prime?
True
Is 417793 a composite number?
False
Is 48705017 a composite number?
True
Is 32557823 a prime number?
False
Is 9535051 prime?
False
Is 52117049 a composite number?
False
Is 828475049 composite?
False
Is 7431803 a prime number?
False
Is 177600839 a prime number?
False
Is 384063 composite?
True
Is 15006109 composite?
True
Is 4025941 a prime number?
True
Is 5051549 prime?
False
Is 102418467 prime?
False
Is 5466971 a prime number?
True
Is 124993409 a composite number?
True
Is 414102311 a composite number?
True
Is 708909281 composite?
False
Is 30640403 a composite number?
True
Is 51621277 a composite number?
True
Is 120769 composite?
True
Is 2024977 prime?
True
Is 12635617 a prime number?
False
Is 39085363 a composite number?
True
Is 10657473 a prime number?
False
Is 3273527 composite?
False
Is 312976451 a composite number?
True
Is 5665633 a composite number?
True
Is 12059491 a prime number?
True
Is 406133929 a composite number?
True
Is 12145721 composite?
True
Is 166992013 a composite number?
True
Is 19457507 a composite number?
True
Is 2507699 a prime number?
False
Is 5